{"id":31,"date":"2014-04-26T18:49:29","date_gmt":"2014-04-26T17:49:29","guid":{"rendered":"http:\/\/www.praha-mecholupy.cz\/ravennska.321-322\/?page_id=31"},"modified":"2025-12-29T14:41:05","modified_gmt":"2025-12-29T13:41:05","slug":"kontakty-2","status":"publish","type":"page","link":"https:\/\/www.praha-mecholupy.cz\/ravennska.321-322\/?page_id=31","title":{"rendered":"Kontakty"},"content":{"rendered":"<p>Na t\u00e9to str\u00e1nce najdete nejd\u016fle\u017eit\u011bj\u0161\u00ed kontaktn\u00ed \u00fadaje.<\/p>\n<p><strong>Adresa s\u00eddla SVJ:<\/strong><br \/>\nSpole\u010denstv\u00ed vlastn\u00edk\u016f jednotek\u00a0Ravennsk\u00e1 321,322<br \/>\nRavennsk\u00e1 ul. 322<br \/>\n109 00 Praha 10 &#8211; Horn\u00ed M\u011bcholupy<\/p>\n<p><strong>I\u010cO<\/strong>:\u00a0048 09 688<\/p>\n<p>Adresa elektronick\u00e9 po\u0161ty (<strong>e-mail<\/strong>):\u00a0<a href=\"mailto:ravennska.321-322@praha-mecholupy.cz\">ravennska.321-322@praha-mecholupy.cz<\/a><\/p>\n<p>V z\u00e1va\u017en\u00fdch p\u0159\u00edpadech kontaktujte p\u0159\u00edmo p\u0159edsedu v\u00fdboru SVJ\u00a0na telefonn\u00edm \u010d\u00edsle\u00a0+420 721 121 141.<\/p>\n<p><strong>GPS<\/strong> pozice:\u00a050.045793, 14.560975<\/p>\n<p>&nbsp;<\/p>\n<p>&nbsp;<\/p>\n","protected":false},"excerpt":{"rendered":"<p>Na t\u00e9to str\u00e1nce najdete nejd\u016fle\u017eit\u011bj\u0161\u00ed kontaktn\u00ed \u00fadaje. Adresa s\u00eddla SVJ: Spole\u010denstv\u00ed vlastn\u00edk\u016f jednotek\u00a0Ravennsk\u00e1 321,322 Ravennsk\u00e1 ul. 322 109 00 Praha 10 &#8211; Horn\u00ed M\u011bcholupy I\u010cO:\u00a0048 09 688 Adresa elektronick\u00e9 po\u0161ty (e-mail):\u00a0ravennska.321-322@praha-mecholupy.cz V z\u00e1va\u017en\u00fdch p\u0159\u00edpadech kontaktujte p\u0159\u00edmo p\u0159edsedu v\u00fdboru SVJ\u00a0na telefonn\u00edm \u010d\u00edsle\u00a0+420 721 121 141. GPS pozice:\u00a050.045793, 14.560975 &nbsp; &nbsp;<\/p>\n","protected":false},"author":1,"featured_media":0,"parent":0,"menu_order":4,"comment_status":"closed","ping_status":"open","template":"","meta":{"footnotes":""},"class_list":["post-31","page","type-page","status-publish","hentry"],"_links":{"self":[{"href":"https:\/\/www.praha-mecholupy.cz\/ravennska.321-322\/index.php?rest_route=\/wp\/v2\/pages\/31","targetHints":{"allow":["GET"]}}],"collection":[{"href":"https:\/\/www.praha-mecholupy.cz\/ravennska.321-322\/index.php?rest_route=\/wp\/v2\/pages"}],"about":[{"href":"https:\/\/www.praha-mecholupy.cz\/ravennska.321-322\/index.php?rest_route=\/wp\/v2\/types\/page"}],"author":[{"embeddable":true,"href":"https:\/\/www.praha-mecholupy.cz\/ravennska.321-322\/index.php?rest_route=\/wp\/v2\/users\/1"}],"replies":[{"embeddable":true,"href":"https:\/\/www.praha-mecholupy.cz\/ravennska.321-322\/index.php?rest_route=%2Fwp%2Fv2%2Fcomments&post=31"}],"version-history":[{"count":19,"href":"https:\/\/www.praha-mecholupy.cz\/ravennska.321-322\/index.php?rest_route=\/wp\/v2\/pages\/31\/revisions"}],"predecessor-version":[{"id":953,"href":"https:\/\/www.praha-mecholupy.cz\/ravennska.321-322\/index.php?rest_route=\/wp\/v2\/pages\/31\/revisions\/953"}],"wp:attachment":[{"href":"https:\/\/www.praha-mecholupy.cz\/ravennska.321-322\/index.php?rest_route=%2Fwp%2Fv2%2Fmedia&parent=31"}],"curies":[{"name":"wp","href":"https:\/\/api.w.org\/{rel}","templated":true}]}}